 Calculate y(-21).
10
Let t(h) = -206*h + 205. What is t(1)?
-1
Let d(r) = -13*r + 1030. Give d(80).
-10
Let b(n) = -n**3 - 33*n**2 - 135*n + 63. Determine b(-28).
-77
Let n(w) = -157*w - 782. Determine n(-5).
3
Let x(i) = -i**3 - 5*i**2 + 30*i + 15. What is x(-6)?
-129
Let k(l) = 17*l**3 - 3*l**2 - 22*l - 27. What is k(-2)?
-131
Let y(p) = -p**2 + 19*p + 46. What is y(19)?
46
Let t(i) = -25*i**2 - 293*i + 77. What is t(-12)?
-7
Let h(a) = a + 57. Determine h(22).
79
Let f(k) = 6*k**3 - 3*k**2 + 4*k + 2. Calculate f(2).
46
Let v(u) = -32*u**2 - 4894*u + 311. What is v(-153)?
5
Let a(q) = q**2 + 110*q + 2122. Determine a(-23).
121
Let q(a) = 478*a - 353. Determine q(1).
125
Let s(p) = 1898*p + 3960. Give s(-2).
164
Let m(b) = 4*b + 40. What is m(-13)?
-12
Let t(j) = 2*j**3 + j**2 - 20*j + 1. Calculate t(3).
4
Let l(v) = -69*v + 1180. Calculate l(17).
7
Let h(j) = -j**2 - 15*j + 1097. Calculate h(-42).
-37
Let s(r) = -2*r**3 - 292*r**2 - 290*r. Calculate s(-145).
0
Let k(q) = -100*q**2 - 83*q - 80. What is k(-1)?
-97
Let a(v) = -91*v - 199. Calculate a(-9).
620
Let m(h) = 2*h**2 - 2*h + 14. What is m(-7)?
126
Let m(l) = -l**2 - 31*l - 145. Determine m(-24).
23
Let i(b) = -b**2 - 267*b + 6321. Calculate i(22).
-37
Let h(d) = -d**3 - 10*d**2 + 80*d + 147. Determine h(-16).
403
Let h(a) = a**3 - 45*a**2 + 506*a - 14. Give h(24).
34
Let q(k) = 2308*k + 9221. Calculate q(-4).
-11
Let f(q) = q**3 - 26*q**2 - 4*q + 92. Determine f(26).
-12
Let p(r) = 13*r**2 - 74*r + 47. Give p(5).
2
Let m(b) = 138*b - 4396. Give m(32).
20
Let r(p) = -523*p + 6822. Give r(13).
23
Let o(i) = -2*i**2 - 327*i - 1885. Calculate o(-6).
5
Let n(q) = 2*q**3 - 10*q**2 + 10*q + 14. Give n(5).
64
Let r(v) = 47*v**2 - 412*v + 86. What is r(8)?
-202
Let j(v) = 5*v - 150. Give j(40).
50
Let n(d) = 6*d**2 - 38*d - 1. Determine n(6).
-13
Let b(k) = -k**3 - 4*k**2 - k + 11. Determine b(-3).
5
Let s(v) = -22*v + 2106. Calculate s(84).
258
Let i(f) = -5573*f + 8. Determine i(0).
8
Let d(g) = g**3 + 23*g**2 - 466*g - 13. Determine d(13).
13
Let k(i) = -i**2 - 100*i + 1441. What is k(12)?
97
Let d(a) = -5*a**3 + 48*a**2 + 149*a + 14. Give d(12).
74
Let g(h) = 35*h - 62. Give g(3).
43
Let q(i) = i**2 - 15*i - 612. Calculate q(-16).
-116
Let w(x) = 2*x**3 - 16*x**2 + 40*x - 316. Calculate w(8).
4
Let s(c) = 2*c**3 + 38*c**2 + 162*c + 106. Give s(-5).
-4
Let g(w) = -2*w**2 + 24*w + 5. Calculate g(13).
-21
Let m(b) = b**3 + 48*b**2 + 94*b + 150. What is m(-46)?
58
Let b(j) = 248*j + 1243. What is b(-5)?
3
Let s(l) = -l**3 - 36*l**2 - 338*l - 249. Determine s(-17).
6
Let n(p) = -p**3 + 6*p**2 + 11*p + 17. Determine n(11).
-467
Let n(v) = v**3 + 86*v**2 + 473*v - 553. Calculate n(-80).
7
Let w(j) = j**3 - 118*j**2 - 116*j - 367. Determine w(119).
-10
Let s(n) = -131*n + 9874. Calculate s(75).
49
Let j(h) = -2*h**3 - 41*h**2 - 48*h - 18. What is j(-19)?
-189
Let u(q) = -4918*q**2 + 54098*q + 3. Give u(11).
3
Let c(h) = -2861*h - 22836. Give c(-8).
52
Let m(h) = -6*h**2 - 31*h - 50. Give m(-3).
-11
Let f(s) = -s**3 - 4*s**2 - 2*s - 5. Determine f(-7).
156
Let t(p) = -638*p + 4409. What is t(7)?
-57
Let p(f) = f**3 + f**2 - 47*f + 85. What is p(5)?
0
Let w(v) = -32*v + 876. Determine w(23).
140
Let l(j) = 2*j**2 - 3*j + 12. Give l(-2).
26
Let t(y) = -11*y + 367. Calculate t(3).
334
Let w(i) = 42*i**2 + 632*i + 16. Give w(-15).
-14
Let s(y) = -y**3 + 249*y**2 + 56*y + 48496. Calculate s(250).
-4
Let w(t) = -t**3 - 42*t**2 - 33*t + 324. Determine w(-41).
-4
Let v(q) = -q**3 - 56*q**2 - 207*q + 51. Give v(-52).
-1
Let v(c) = 109*c - 1013. What is v(10)?
77
Let q(p) = -p**3 - p**2 + 16*p + 15. Calculate q(-4).
-1
Let u(c) = 4*c**2 + 1543*c - 10999. Calculate u(7).
-2
Let y(l) = l**2 - 35*l - 1338. Calculate y(-23).
-4
Let h(r) = 151*r - 16. Calculate h(1).
135
Let y(o) = o**3 - 260. Determine y(0).
-260
Let k(p) = -9*p**2 + 14*p + 20. Calculate k(1).
25
Let o(j) = -j**3 + 10*j**2 + 4*j - 36. What is o(8)?
124
Let m(j) = j**3 + 47*j**2 + 39*j - 284. Calculate m(-46).
38
Let s(d) = d**2 + 101*d + 2529. Give s(-54).
-9
Let j(y) = -4*y**3 - 10*y**2 + 43*y - 11. What is j(-5)?
24
Let g(p) = -3*p**2 - 5. Calculate g(-9).
-248
Let b(v) = -155*v - 3100. Give b(-20).
0
Let m(g) = -g**3 + 10*g**2 + 165*g - 59. Determine m(-9).
-5
Let a(y) = -10*y**2 - y + 1. Give a(1).
-10
Let j(y) = 32*y + 2587. Calculate j(-81).
-5
Let i(k) = -4*k**3 - 148*k**2 - 2*k - 114. Calculate i(-37).
-40
Let a(c) = 53*c - 93. Determine a(2).
13
Let s(f) = f**3 + 12*f**2 - 6*f + 96. Give s(-13).
5
Let c(z) = z**3 - 44*z**2 - 40*z + 175. Determine c(45).
400
Let d(t) = 2301*t - 16094. Give d(7).
13
Let j(h) = 9*h - 85. Calculate j(-4).
-121
Let n(h) = 7*h**2 - 40*h - 41. Determine n(7).
22
Let b(t) = 13*t**2 - 129*t - 54. What is b(9)?
-162
Let s(i) = -108*i**2 - 183*i + 60. Give s(-2).
-6
Let c(q) = 30*q + 2642. Determine c(-86).
62
Let c(k) = -20*k**3 - k**2 - 98*k + 100. Calculate c(1).
-19
Let j(h) = -1311*h + 2736. Calculate j(2).
114
Let b(j) = j**2 + 29*j - 88. Give b(-31).
-26
Let m(h) = 7*h**2 - 35*h + 33. What is m(1)?
5
Let j(g) = g**3 + 14*g**2 + 31*g + 239. Calculate j(-13).
5
Let y(m) = 153*m - 682. Calculate y(5).
83
Let t(i) = -2*i**2 + 123*i - 809. Determine t(52).
179
Let t(g) = 4694*g + 28196. Give t(-6).
32
Let s(q) = 2*q**3 - 2*q**2 - 20*q - 48. Give s(-4).
-128
Let t(z) = -366*z + 1051. Calculate t(3).
-47
Let h(b) = -9*b**2 + 4*b + 3. What is h(2)?
-25
Let p(y) = y**2 + 17*y - 962. Determine p(24).
22
Let o(a) = 4*a**2 + 73*a - 28. Calculate o(-16).
-172
Let h(r) = -r**3 + 15*r**2 - 147. Calculate h(11).
337
Let d(x) = 3*x**2 + 7*x - 85. Calculate d(-7).
13
Let y(w) = -67*w - 147. Calculate y(-4).
121
Let b(i) = 12*i**3 - i**2 + 3*i + 12. Calculate b(3).
336
Let k(q) = 23*q - 71. What is k(14)?
251
Let j(g) = -90*g - 9731. Give j(-108).
-11
Let s(q) = 9*q**2 - 202*q + 256. Give s(21).
-17
Let c(j) = 2*j**3 - 19*j**2 + 5*j + 19. Give c(9).
-17
Let f(p) = 2*p**3 + 9*p**2 + 12*p - 15. Determine f(-2).
-19
Let z(b) = -b**3 + 23*b**2 - 147*b + 230. Calculate z(7).
-15
Let o(b) = -4*b**3 + 113*b**2 - 11*b - 519. Give o(28).
-43
Let a(g) = -2*g**2 - 210*g - 1714. Give a(-96).
14
Let f(x) = -1447*x + 138. Determine f(0).
138
Let u(s) = 72*s**2 + 1008*s - 78. Determine u(-14).
-78
Let p(r) = -r**3 + 84*r**2 - 7*r + 752. Calculate p(84).
164
Let b(g) = g**3 + 9*g**2 - 16*g - 76. Determine b(-10).
-16
Let q(k) = k**3 - 17*k**2 - 42*k + 718. What is q(17)?
4
Let h(v) = 193*v - 19296. Calculate h(100).
4
Let i(x) = 38*x - 121. Give i(3).
-7
Let g(q) = q**3 - 52*q**2 + 145*q + 94. Determine g(49).
-4
Let r(f) = f**3 + 111*f**2 - 592*f - 1433. Calculate r(-116).
-41
Let h(q) = 301*q + 19508. Determine h(-65).
-57
Let j(s) = -s**2 - 19*s + 994. Determine j(-42).
28
Let d(z) = -20*z**2 - 4*z + 28. What is d(3)?
-164
Let d(x) = x**2 + 39*x - 128. Determine d(0).
-128
Let n(p) = 90*p**2 + 8*p - 6. Give n(1).
92
Let k(u) = -u**3 + 75*u**2 + 488*u - 102. Give k(81).
60
Let w(t) = 47*t + 328. What is w(-5)?
93
Let v(h) = h**3 + 18*h**2 - 87*h - 626. Determine v(-20).
314
Let m(h) = -h**3 + 4*h**2 + 119. Give m(7).
-28
Let s(j) = -j**2 - 210*j - 8180. Give s(-52).
36
Let v(y) = -6*y + 115. Give v(19).
1
Let x(h) = -45*h - 3182. Calculate x(-72).
58
Let h(n) = n**2 - 1020*n + 8097. Calculate h(8).
1
Let k(t) = t**2 - 392*t + 26970. What is k(303)?
3
Let x(y) = 563*y - 582. Calculate x(1).
-19
Let q(n) = 19*n**3 + 74*n**2 + 86*n + 342. Determine q(-4).
-34
Let j(n) = n**2 + 89*n + 1774. Determine j(-30).
4
Let z(b) = b**3 - 11*b**2 - 36*b + 77. Calculate z(13).
-53
Let i(b) = 13*b**2 + 36*b + 10. Determine i(-2).
-10
Let b(r) = -46*r + 1064. What is b(23)?
6
Let j(k) = -51*k + 37. Calculate j(7).
-320
Let h(c) = c**3 + 8*c**2 - 24*c + 97. Give h(-11).
-2
Let j(s) = 5*s**3 - 26*s**2 - s + 28. What is j(5)?
-2
Let z(r) = -5*r**3 + 38*r**2 + 11*r + 41. Give z(8).
1
Let i(t) = -4*t**2 + 41*t - 14. Determine i(10).
-4
Let h(s) = s**3 - 61*s**2 + 669*s - 147. Give h(14).
7
Let h(x) = -7*x**3 - 4*x**2 + 13*x + 13. Calculate h(-1).
3
Let g(n) = n**3 - 43*n**2 - 191*n + 147. What is g(47)?
6
Let z(n) = -5*n**2 - 357*n + 541. Determine z(-73).
-43
Let y(w) = 2*w**2 - 53*w - 636. Determine y(35).
-41
Let g(o) = 7*o**2 - 67*o - 9. Determine g(10